{"id":1760,"date":"2021-11-17T20:44:49","date_gmt":"2021-11-17T20:44:49","guid":{"rendered":"https:\/\/eloh.com.br\/loja\/?post_type=product&#038;p=1760"},"modified":"2021-11-17T20:51:17","modified_gmt":"2021-11-17T20:51:17","slug":"curso-whatsapp-business-whatsapp-para-negocios","status":"publish","type":"product","link":"https:\/\/eloh.com.br\/loja\/product\/curso-whatsapp-business-whatsapp-para-negocios\/","title":{"rendered":"Curso: WhatsApp Business &#8211; WhatsApp para Neg\u00f3cios"},"content":{"rendered":"<p tabindex=\"1\">Veja o cronograma completo deste curso:<\/p>\n<p tabindex=\"1\">M\u00f3dulo 1 &#8211; Veja como voc\u00ea pode instalar o WhatsApp Business em seu celular, configurar cada etapa da sua empresa como hor\u00e1rio, endere\u00e7o, localiza\u00e7\u00e3o entre outros. Aprenda ainda como chamar a aten\u00e7\u00e3o de pessoas para seu WhatsApp.<\/p>\n<p tabindex=\"1\">M\u00f3dulo 2 &#8211; Veja como usar recompensa digital para arrecadar novos Leads para seu neg\u00f3cio.<\/p>\n<p tabindex=\"1\">M\u00f3dulo 3 &#8211; Neste m\u00f3dulo voc\u00ea vai aprender a importar uma lista de contatos do seu sistema ou agenda, facilitando a inser\u00e7\u00e3o muitos contatos de uma vez s\u00f3.<\/p>\n<p tabindex=\"1\">M\u00f3dulo 4 &#8211; Aqui voc\u00ea vai aprender o passo a passo para criar um script de sucesso.<\/p>\n<p tabindex=\"1\">M\u00f3dulo 5 &#8211; Entenda cada tipo de mensagem e descubra qual formato melhor para enviar ao seu prospect.<\/p>\n<p tabindex=\"1\">M\u00f3dulo 6 &#8211; Veja como organizar seus contatos com etiquetas e como os depoimentos tem for\u00e7a na hora da venda.<\/p>\n<p tabindex=\"1\">M\u00f3dulo 7 &#8211; Grupos ou Lista de Transmiss\u00e3o? Quais as diferen\u00e7as e vantagens de cada um?<\/p>\n<p tabindex=\"1\">M\u00f3dulo 8 &#8211; Aprenda a utilizar um funil de vendas f\u00e1cil em 4 passos usando apenas redes sociais e seu WhatsApp.<\/p>\n<p tabindex=\"1\"><a href=\"https:\/\/go.hotmart.com\/R62490584I?dp=1\">FAZER CURSO<\/a><\/p>\n<p tabindex=\"1\">___________________________<\/p>\n","protected":false},"excerpt":{"rendered":"<p>Neste curso vamos abordar v\u00e1rios assuntos referente ao WhatsApp Business, desde suas funcionalidades e diversas aplica\u00e7\u00f5es na pr\u00e1tica.<\/p>\n","protected":false},"featured_media":1761,"comment_status":"open","ping_status":"closed","template":"","meta":{"_uag_custom_page_level_css":"","site-sidebar-layout":"default","site-content-layout":"default","ast-main-header-display":"","ast-hfb-above-header-display":"","ast-hfb-below-header-display":"","ast-hfb-mobile-header-display":"","site-post-title":"","ast-breadcrumbs-content":"","ast-featured-img":"","footer-sml-layout":"","theme-transparent-header-meta":"default","adv-header-id-meta":"","stick-header-meta":"","header-above-stick-meta":"","header-main-stick-meta":"","header-below-stick-meta":"","_joinchat":[]},"product_brand":[],"product_cat":[93],"product_tag":[113],"class_list":{"0":"post-1760","1":"product","2":"type-product","3":"status-publish","4":"has-post-thumbnail","6":"product_cat-cursos","7":"product_tag-whatsapp-businnes","9":"first","10":"instock","11":"shipping-taxable","12":"product-type-external"},"yoast_head":"<!-- This site is optimized with the Yoast SEO plugin v27.2 - https:\/\/yoast.com\/product\/yoast-seo-wordpress\/ -->\n<title>Curso: WhatsApp Business - WhatsApp para Neg\u00f3cios - Eloh loja<\/title>\n<meta name=\"description\" content=\"Neste curso vamos abordar v\u00e1rios assuntos referente ao WhatsApp Business, desde suas funcionalidades e diversas aplica\u00e7\u00f5es na pr\u00e1tica.\" \/>\n<meta name=\"robots\" content=\"index, follow, max-snippet:-1, max-image-preview:large, max-video-preview:-1\" \/>\n<link rel=\"canonical\" href=\"https:\/\/eloh.com.br\/loja\/product\/curso-whatsapp-business-whatsapp-para-negocios\/\" \/>\n<meta property=\"og:locale\" content=\"pt_BR\" \/>\n<meta property=\"og:type\" content=\"article\" \/>\n<meta property=\"og:title\" content=\"Curso: WhatsApp Business - WhatsApp para Neg\u00f3cios - Eloh loja\" \/>\n<meta property=\"og:description\" content=\"Neste curso vamos abordar v\u00e1rios assuntos referente ao WhatsApp Business, desde suas funcionalidades e diversas aplica\u00e7\u00f5es na pr\u00e1tica.\" \/>\n<meta property=\"og:url\" content=\"https:\/\/eloh.com.br\/loja\/product\/curso-whatsapp-business-whatsapp-para-negocios\/\" \/>\n<meta property=\"og:site_name\" content=\"Eloh loja\" \/>\n<meta property=\"article:modified_time\" content=\"2021-11-17T20:51:17+00:00\" \/>\n<meta property=\"og:image\" content=\"https:\/\/eloh.com.br\/loja\/wp-content\/uploads\/2021\/11\/curso-whatsapp-businnes.jpg\" \/>\n\t<meta property=\"og:image:width\" content=\"1350\" \/>\n\t<meta property=\"og:image:height\" content=\"853\" \/>\n\t<meta property=\"og:image:type\" content=\"image\/jpeg\" \/>\n<meta name=\"twitter:card\" content=\"summary_large_image\" \/>\n<meta name=\"twitter:label1\" content=\"Est. tempo de leitura\" \/>\n\t<meta name=\"twitter:data1\" content=\"1 minuto\" \/>\n<script type=\"application\/ld+json\" class=\"yoast-schema-graph\">{\"@context\":\"https:\/\/schema.org\",\"@graph\":[{\"@type\":\"WebPage\",\"@id\":\"https:\/\/eloh.com.br\/loja\/product\/curso-whatsapp-business-whatsapp-para-negocios\/\",\"url\":\"https:\/\/eloh.com.br\/loja\/product\/curso-whatsapp-business-whatsapp-para-negocios\/\",\"name\":\"Curso: WhatsApp Business - WhatsApp para Neg\u00f3cios - Eloh loja\",\"isPartOf\":{\"@id\":\"https:\/\/eloh.com.br\/loja\/#website\"},\"primaryImageOfPage\":{\"@id\":\"https:\/\/eloh.com.br\/loja\/product\/curso-whatsapp-business-whatsapp-para-negocios\/#primaryimage\"},\"image\":{\"@id\":\"https:\/\/eloh.com.br\/loja\/product\/curso-whatsapp-business-whatsapp-para-negocios\/#primaryimage\"},\"thumbnailUrl\":\"https:\/\/i0.wp.com\/eloh.com.br\/loja\/wp-content\/uploads\/2021\/11\/curso-whatsapp-businnes.jpg?fit=1350%2C853&ssl=1\",\"datePublished\":\"2021-11-17T20:44:49+00:00\",\"dateModified\":\"2021-11-17T20:51:17+00:00\",\"description\":\"Neste curso vamos abordar v\u00e1rios assuntos referente ao WhatsApp Business, desde suas funcionalidades e diversas aplica\u00e7\u00f5es na pr\u00e1tica.\",\"breadcrumb\":{\"@id\":\"https:\/\/eloh.com.br\/loja\/product\/curso-whatsapp-business-whatsapp-para-negocios\/#breadcrumb\"},\"inLanguage\":\"pt-BR\",\"potentialAction\":[{\"@type\":\"ReadAction\",\"target\":[\"https:\/\/eloh.com.br\/loja\/product\/curso-whatsapp-business-whatsapp-para-negocios\/\"]}]},{\"@type\":\"ImageObject\",\"inLanguage\":\"pt-BR\",\"@id\":\"https:\/\/eloh.com.br\/loja\/product\/curso-whatsapp-business-whatsapp-para-negocios\/#primaryimage\",\"url\":\"https:\/\/i0.wp.com\/eloh.com.br\/loja\/wp-content\/uploads\/2021\/11\/curso-whatsapp-businnes.jpg?fit=1350%2C853&ssl=1\",\"contentUrl\":\"https:\/\/i0.wp.com\/eloh.com.br\/loja\/wp-content\/uploads\/2021\/11\/curso-whatsapp-businnes.jpg?fit=1350%2C853&ssl=1\",\"width\":1350,\"height\":853,\"caption\":\"Curso: WhatsApp Business - WhatsApp para Neg\u00f3cios\"},{\"@type\":\"BreadcrumbList\",\"@id\":\"https:\/\/eloh.com.br\/loja\/product\/curso-whatsapp-business-whatsapp-para-negocios\/#breadcrumb\",\"itemListElement\":[{\"@type\":\"ListItem\",\"position\":1,\"name\":\"In\u00edcio\",\"item\":\"https:\/\/eloh.com.br\/loja\/\"},{\"@type\":\"ListItem\",\"position\":2,\"name\":\"Produtos\",\"item\":\"https:\/\/eloh.com.br\/loja\/produtos\/\"},{\"@type\":\"ListItem\",\"position\":3,\"name\":\"Curso: WhatsApp Business &#8211; WhatsApp para Neg\u00f3cios\"}]},{\"@type\":\"WebSite\",\"@id\":\"https:\/\/eloh.com.br\/loja\/#website\",\"url\":\"https:\/\/eloh.com.br\/loja\/\",\"name\":\"Eloh loja\",\"description\":\"Loja de cursos, ferramentas, servi\u00e7os, sites, lojas online e tr\u00e1fego pago\",\"publisher\":{\"@id\":\"https:\/\/eloh.com.br\/loja\/#organization\"},\"potentialAction\":[{\"@type\":\"SearchAction\",\"target\":{\"@type\":\"EntryPoint\",\"urlTemplate\":\"https:\/\/eloh.com.br\/loja\/?s={search_term_string}\"},\"query-input\":{\"@type\":\"PropertyValueSpecification\",\"valueRequired\":true,\"valueName\":\"search_term_string\"}}],\"inLanguage\":\"pt-BR\"},{\"@type\":\"Organization\",\"@id\":\"https:\/\/eloh.com.br\/loja\/#organization\",\"name\":\"Eloh loja\",\"url\":\"https:\/\/eloh.com.br\/loja\/\",\"logo\":{\"@type\":\"ImageObject\",\"inLanguage\":\"pt-BR\",\"@id\":\"https:\/\/eloh.com.br\/loja\/#\/schema\/logo\/image\/\",\"url\":\"https:\/\/i0.wp.com\/eloh.com.br\/loja\/wp-content\/uploads\/2022\/08\/cropped-logo-eloh-criacao-de-site-3.png?fit=1080%2C360&ssl=1\",\"contentUrl\":\"https:\/\/i0.wp.com\/eloh.com.br\/loja\/wp-content\/uploads\/2022\/08\/cropped-logo-eloh-criacao-de-site-3.png?fit=1080%2C360&ssl=1\",\"width\":1080,\"height\":360,\"caption\":\"Eloh loja\"},\"image\":{\"@id\":\"https:\/\/eloh.com.br\/loja\/#\/schema\/logo\/image\/\"}}]}<\/script>\n<!-- \/ Yoast SEO plugin. -->","yoast_head_json":{"title":"Curso: WhatsApp Business - WhatsApp para Neg\u00f3cios - Eloh loja","description":"Neste curso vamos abordar v\u00e1rios assuntos referente ao WhatsApp Business, desde suas funcionalidades e diversas aplica\u00e7\u00f5es na pr\u00e1tica.","robots":{"index":"index","follow":"follow","max-snippet":"max-snippet:-1","max-image-preview":"max-image-preview:large","max-video-preview":"max-video-preview:-1"},"canonical":"https:\/\/eloh.com.br\/loja\/product\/curso-whatsapp-business-whatsapp-para-negocios\/","og_locale":"pt_BR","og_type":"article","og_title":"Curso: WhatsApp Business - WhatsApp para Neg\u00f3cios - Eloh loja","og_description":"Neste curso vamos abordar v\u00e1rios assuntos referente ao WhatsApp Business, desde suas funcionalidades e diversas aplica\u00e7\u00f5es na pr\u00e1tica.","og_url":"https:\/\/eloh.com.br\/loja\/product\/curso-whatsapp-business-whatsapp-para-negocios\/","og_site_name":"Eloh loja","article_modified_time":"2021-11-17T20:51:17+00:00","og_image":[{"width":1350,"height":853,"url":"https:\/\/eloh.com.br\/loja\/wp-content\/uploads\/2021\/11\/curso-whatsapp-businnes.jpg","type":"image\/jpeg"}],"twitter_card":"summary_large_image","twitter_misc":{"Est. tempo de leitura":"1 minuto"},"schema":{"@context":"https:\/\/schema.org","@graph":[{"@type":"WebPage","@id":"https:\/\/eloh.com.br\/loja\/product\/curso-whatsapp-business-whatsapp-para-negocios\/","url":"https:\/\/eloh.com.br\/loja\/product\/curso-whatsapp-business-whatsapp-para-negocios\/","name":"Curso: WhatsApp Business - WhatsApp para Neg\u00f3cios - Eloh loja","isPartOf":{"@id":"https:\/\/eloh.com.br\/loja\/#website"},"primaryImageOfPage":{"@id":"https:\/\/eloh.com.br\/loja\/product\/curso-whatsapp-business-whatsapp-para-negocios\/#primaryimage"},"image":{"@id":"https:\/\/eloh.com.br\/loja\/product\/curso-whatsapp-business-whatsapp-para-negocios\/#primaryimage"},"thumbnailUrl":"https:\/\/i0.wp.com\/eloh.com.br\/loja\/wp-content\/uploads\/2021\/11\/curso-whatsapp-businnes.jpg?fit=1350%2C853&ssl=1","datePublished":"2021-11-17T20:44:49+00:00","dateModified":"2021-11-17T20:51:17+00:00","description":"Neste curso vamos abordar v\u00e1rios assuntos referente ao WhatsApp Business, desde suas funcionalidades e diversas aplica\u00e7\u00f5es na pr\u00e1tica.","breadcrumb":{"@id":"https:\/\/eloh.com.br\/loja\/product\/curso-whatsapp-business-whatsapp-para-negocios\/#breadcrumb"},"inLanguage":"pt-BR","potentialAction":[{"@type":"ReadAction","target":["https:\/\/eloh.com.br\/loja\/product\/curso-whatsapp-business-whatsapp-para-negocios\/"]}]},{"@type":"ImageObject","inLanguage":"pt-BR","@id":"https:\/\/eloh.com.br\/loja\/product\/curso-whatsapp-business-whatsapp-para-negocios\/#primaryimage","url":"https:\/\/i0.wp.com\/eloh.com.br\/loja\/wp-content\/uploads\/2021\/11\/curso-whatsapp-businnes.jpg?fit=1350%2C853&ssl=1","contentUrl":"https:\/\/i0.wp.com\/eloh.com.br\/loja\/wp-content\/uploads\/2021\/11\/curso-whatsapp-businnes.jpg?fit=1350%2C853&ssl=1","width":1350,"height":853,"caption":"Curso: WhatsApp Business - WhatsApp para Neg\u00f3cios"},{"@type":"BreadcrumbList","@id":"https:\/\/eloh.com.br\/loja\/product\/curso-whatsapp-business-whatsapp-para-negocios\/#breadcrumb","itemListElement":[{"@type":"ListItem","position":1,"name":"In\u00edcio","item":"https:\/\/eloh.com.br\/loja\/"},{"@type":"ListItem","position":2,"name":"Produtos","item":"https:\/\/eloh.com.br\/loja\/produtos\/"},{"@type":"ListItem","position":3,"name":"Curso: WhatsApp Business &#8211; WhatsApp para Neg\u00f3cios"}]},{"@type":"WebSite","@id":"https:\/\/eloh.com.br\/loja\/#website","url":"https:\/\/eloh.com.br\/loja\/","name":"Eloh loja","description":"Loja de cursos, ferramentas, servi\u00e7os, sites, lojas online e tr\u00e1fego pago","publisher":{"@id":"https:\/\/eloh.com.br\/loja\/#organization"},"potentialAction":[{"@type":"SearchAction","target":{"@type":"EntryPoint","urlTemplate":"https:\/\/eloh.com.br\/loja\/?s={search_term_string}"},"query-input":{"@type":"PropertyValueSpecification","valueRequired":true,"valueName":"search_term_string"}}],"inLanguage":"pt-BR"},{"@type":"Organization","@id":"https:\/\/eloh.com.br\/loja\/#organization","name":"Eloh loja","url":"https:\/\/eloh.com.br\/loja\/","logo":{"@type":"ImageObject","inLanguage":"pt-BR","@id":"https:\/\/eloh.com.br\/loja\/#\/schema\/logo\/image\/","url":"https:\/\/i0.wp.com\/eloh.com.br\/loja\/wp-content\/uploads\/2022\/08\/cropped-logo-eloh-criacao-de-site-3.png?fit=1080%2C360&ssl=1","contentUrl":"https:\/\/i0.wp.com\/eloh.com.br\/loja\/wp-content\/uploads\/2022\/08\/cropped-logo-eloh-criacao-de-site-3.png?fit=1080%2C360&ssl=1","width":1080,"height":360,"caption":"Eloh loja"},"image":{"@id":"https:\/\/eloh.com.br\/loja\/#\/schema\/logo\/image\/"}}]}},"jetpack_sharing_enabled":true,"uagb_featured_image_src":{"full":["https:\/\/i0.wp.com\/eloh.com.br\/loja\/wp-content\/uploads\/2021\/11\/curso-whatsapp-businnes.jpg?fit=1350%2C853&ssl=1",1350,853,false],"thumbnail":["https:\/\/i0.wp.com\/eloh.com.br\/loja\/wp-content\/uploads\/2021\/11\/curso-whatsapp-businnes.jpg?resize=150%2C150&ssl=1",150,150,true],"medium":["https:\/\/i0.wp.com\/eloh.com.br\/loja\/wp-content\/uploads\/2021\/11\/curso-whatsapp-businnes.jpg?fit=300%2C190&ssl=1",300,190,true],"medium_large":["https:\/\/i0.wp.com\/eloh.com.br\/loja\/wp-content\/uploads\/2021\/11\/curso-whatsapp-businnes.jpg?fit=768%2C485&ssl=1",768,485,true],"large":["https:\/\/i0.wp.com\/eloh.com.br\/loja\/wp-content\/uploads\/2021\/11\/curso-whatsapp-businnes.jpg?fit=1024%2C647&ssl=1",1024,647,true],"1536x1536":["https:\/\/i0.wp.com\/eloh.com.br\/loja\/wp-content\/uploads\/2021\/11\/curso-whatsapp-businnes.jpg?fit=1350%2C853&ssl=1",1350,853,true],"2048x2048":["https:\/\/i0.wp.com\/eloh.com.br\/loja\/wp-content\/uploads\/2021\/11\/curso-whatsapp-businnes.jpg?fit=1350%2C853&ssl=1",1350,853,true],"woocommerce_thumbnail":["https:\/\/i0.wp.com\/eloh.com.br\/loja\/wp-content\/uploads\/2021\/11\/curso-whatsapp-businnes.jpg?resize=300%2C300&ssl=1",300,300,true],"woocommerce_single":["https:\/\/i0.wp.com\/eloh.com.br\/loja\/wp-content\/uploads\/2021\/11\/curso-whatsapp-businnes.jpg?fit=600%2C379&ssl=1",600,379,true],"woocommerce_gallery_thumbnail":["https:\/\/i0.wp.com\/eloh.com.br\/loja\/wp-content\/uploads\/2021\/11\/curso-whatsapp-businnes.jpg?resize=100%2C100&ssl=1",100,100,true]},"uagb_author_info":{"display_name":"Eloh Loja","author_link":"https:\/\/eloh.com.br\/loja\/author\/"},"uagb_comment_info":0,"uagb_excerpt":"Neste curso vamos abordar v\u00e1rios assuntos referente ao WhatsApp Business, desde suas funcionalidades e diversas aplica\u00e7\u00f5es na pr\u00e1tica.","_links":{"self":[{"href":"https:\/\/eloh.com.br\/loja\/wp-json\/wp\/v2\/product\/1760","targetHints":{"allow":["GET"]}}],"collection":[{"href":"https:\/\/eloh.com.br\/loja\/wp-json\/wp\/v2\/product"}],"about":[{"href":"https:\/\/eloh.com.br\/loja\/wp-json\/wp\/v2\/types\/product"}],"replies":[{"embeddable":true,"href":"https:\/\/eloh.com.br\/loja\/wp-json\/wp\/v2\/comments?post=1760"}],"wp:featuredmedia":[{"embeddable":true,"href":"https:\/\/eloh.com.br\/loja\/wp-json\/wp\/v2\/media\/1761"}],"wp:attachment":[{"href":"https:\/\/eloh.com.br\/loja\/wp-json\/wp\/v2\/media?parent=1760"}],"wp:term":[{"taxonomy":"product_brand","embeddable":true,"href":"https:\/\/eloh.com.br\/loja\/wp-json\/wp\/v2\/product_brand?post=1760"},{"taxonomy":"product_cat","embeddable":true,"href":"https:\/\/eloh.com.br\/loja\/wp-json\/wp\/v2\/product_cat?post=1760"},{"taxonomy":"product_tag","embeddable":true,"href":"https:\/\/eloh.com.br\/loja\/wp-json\/wp\/v2\/product_tag?post=1760"}],"curies":[{"name":"wp","href":"https:\/\/api.w.org\/{rel}","templated":true}]}}